est common divisor of g and q.
10
Suppose 2*u - 10 = 0, -5*r - 233 = -3*u + 147. Let d = 1169 - r. Calculate the highest common divisor of d and 54.
54
Let p be (448/20)/((-3)/(-45)). Let l = p - 258. Calculate the highest common factor of 18 and l.
6
Suppose -88*g = -90*g + 2604. Let s be g/155 + (-2)/5. Calculate the highest common factor of 5 and s.
1
Let r = 19405 - 11962. Calculate the greatest common factor of r and 9.
9
Suppose -41*a + 228 = -5635. Suppose 0 = -3*k - 2*z + 33, -2*z - 17 - 15 = -2*k. What is the greatest common factor of a and k?
13
Let b be (1 - (-1275)/45)*30. Calculate the highest common factor of b and 792.
88
Suppose 228*m + 20*m = -108*m + 12591364. What is the greatest common divisor of 113 and m?
113
Let y = -9 + 14. Suppose -y*l = -v - 36, l - 10 = 10*v - 7*v. Let u be 112/l*9/4. What is the highest common divisor of 90 and u?
18
Let w = -80254 + 80275. Suppose 0 = -3*l - l + 448. What is the greatest common factor of w and l?
7
Let i(b) = -7*b + 9. Let q(f) = -4*f**2 + 49*f - 18. Let k be q(12). Let c be i(k). Calculate the greatest common divisor of c and 68.
17
Let i = 4525 + -4501. What is the highest common divisor of 1032 and i?
24
Suppose -3*i = 119 - 434. Suppose -62 = -2*y + y. Suppose 0 = 3*r + g - i, -2*r = -g - g - y. Calculate the greatest common divisor of r and 374.
34
Suppose 0 = -5*a + 5, x + 10 + 17 = -3*a. Let q be (4 - 1626/x) + (-1)/5. What is the highest common divisor of q and 377?
29
Let i(a) = 2*a**2 - 9*a + 0*a**2 - a**2. Suppose r = -3*d + 4*r - 24, -r - 4 = 3*d. Let x be i(d). What is the highest common factor of x and 9?
9
Let q(x) = x**2 + x - 3. Let o be q(5). Suppose -7 = -5*u - 36618*l + 36616*l, -24 = -4*u + 3*l. What is the highest common divisor of u and o?
3
Suppose -4*w + 2*t = 252 + 20, 0 = 5*w - 5*t + 345. Suppose 45 + 310 = 5*o. Let f = w + o. What is the greatest common divisor of 4 and f?
4
Let v be (2/4)/(2/(0 - -264)). Suppose -8*n = -v + 10. Let h be (n/(-2))/((-3)/6). What is the highest common factor of h and 49?
7
Let k(d) = 93*d + 38. Let p be k(1). Let o = p + 57. Calculate the highest common divisor of 4 and o.
4
Suppose -3*g + 12 - 15 = 0. Let r be 28 + -27 - g*601. Calculate the highest common divisor of r and 14.
14
Let s be ((-7)/98*-7)/((-2)/4). Let i be (1 + s + 13)*(-3 - -4). What is the highest common factor of 221 and i?
13
Let q be 5 - (-94 - (-108)/12) - 8. What is the highest common factor of q and 14801?
41
Let u be 188/14 - (-216)/378. Suppose 5*r + 4 = u, -d + 2*r = -104. What is the greatest common divisor of d and 81?
27
Suppose j - 4*y = -9*j + 3280, -984 = -3*j + 3*y. Calculate the highest common factor of j and 902.
82
Let n(l) = 5*l + 85. Let f be n(-17). Let d = 66 + f. Calculate the highest common divisor of d and 6.
6
Suppose -b = 2*g - 2356, -7 + 2 = -g. Calculate the greatest common divisor of b and 483.
69
Let j be 98/(-10) - 24/120. Let u be ((-1358)/35)/(4/j). Suppose -3*x + 377 = 6*f - 2*f, f - 2*x - u = 0. Calculate the greatest common factor of f and 19.
19
Let q(c) = -6*c + 2. Let u be q(0). Let h be 26 + 5 + u + -10. What is the greatest common factor of h and 69?
23
Let n = -643 + 661. Suppose -43 = d - 124. Calculate the highest common factor of n and d.
9
Suppose 2*h + 12 - 38 = 0. Suppose -2*i + 1 + h = 0. Suppose 3*k - t = 29, -i*k = -2*k + t - 51. What is the highest common divisor of 10 and k?
10
Let f(t) = 153*t + 185. Let p be f(-1). Calculate the greatest common factor of p and 84.
4
Suppose 4*h + 10 = -h, 2*d - 2*h = 1250. Calculate the highest common factor of 63 and d.
7
Let h = -494 - -504. Let y be (12 - h/(-6))/((-1)/(-6)). Calculate the greatest common divisor of y and 2.
2
Suppose -44*a + 1211 + 901 = 0. Let m(j) = 6*j. Let s be m(8). Calculate the greatest common divisor of a and s.
48
Let p(v) = -4*v**2 + 11*v + 43. Let q be p(-3). Let a be (-176)/1*(q + 24). What is the highest common divisor of a and 22?
22
Suppose -s - 4*s = -105. Suppose -8*d + 7*d = 80. Let j = d - -87. Calculate the highest common factor of j and s.
7
Let p(z) = 12*z - 449. Let i be p(40). Calculate the highest common divisor of 31 and i.
31
Let t(f) = 3*f + 44 + 3 + 6*f + 21 + 4. Let h be t(-6). Suppose -6*x + 2*x - 16 = 0, -5*x - 38 = -3*q. What is the highest common divisor of h and q?
6
Suppose 0 = 5*i + 26 + 114. Let z be (-1504)/(-282)*54/8. Let v = z + i. What is the highest common factor of v and 12?
4
Suppose -16*n + 13*n = -5*q + 2924, 2903 = 5*q + 4*n. Calculate the highest common factor of q and 5989.
53
Suppose 241*c - 153*c = 1322200. What is the highest common factor of c and 25?
25
Let n be 12/(-3)*1 - -45. Let b = 28 - n. Let k(g) = -10*g - 25. Let i be k(b). Calculate the highest common divisor of i and 42.
21
Suppose 522 = 3*h - 72. Suppose -d = d - h. Let n be -2*(55/(-10) + 0). Calculate the greatest common divisor of d and n.
11
Let x(t) = t**3 + 3*t**2 - 3*t + 112. Let c be x(0). Calculate the greatest common factor of c and 4816.
112
Let c = 37 + -34. Suppose -c*d + g - 121 + 12 = 0, g = -4*d - 143. Let p be 2/(((-56)/d)/7). What is the greatest common factor of 171 and p?
9
Let q be ((-18)/4)/(6/808). Let n = -592 - q. Let c = 16 + 47. Calculate the greatest common factor of c and n.
7
Let h(v) = v**3 - 20*v**2 - 15*v - 35. Suppose -f - 59 = -3*u + 3*f, -2*u + 43 = f. Let k be h(u). Calculate the highest common factor of k and 13.
13
Let q = 6448 - 5952. What is the greatest common factor of 72 and q?
8
Let i = 611 + -609. Suppose i*o + 1588 = 4*r, -2*r + 882 = -2*o + 86. Calculate the greatest common divisor of r and 22.
22
Let g = 107 - 7. Suppose 10 - 1 = -3*r, r + 786 = -3*j. Let v = -241 - j. What is the greatest common factor of v and g?
20
Let j(d) = d + 7. Let b be j(-6). Let s be b*12/(-15) + (-2)/10. Let l be (s/(-2))/((-3)/6) - -28. What is the greatest common factor of l and 108?
27
Let u(f) be the first derivative of f**2 + 18*f + 21. Let n be u(-11). Let t = n - -33. Calculate the greatest common factor of t and 145.
29
Let c(g) = g**3 - 9*g**2 - 3*g + 33. Let l be c(9). Let j(b) = 2*b + 24. Let s = -90 + 90. Let r be j(s). Calculate the greatest common divisor of r and l.
6
Let u(y) = y**2 + 37*y + 500. Let a be u(-26). What is the greatest common factor of a and 2675?
107
Let w be -4 - (2025 - 62)/(-1*(-2)/(-6)). Calculate the greatest common factor of w and 165.
55
Let l(v) = 23*v**2 - 62*v - 55. Let n be l(9). Calculate the greatest common divisor of 150 and n.
50
Let t(p) be the second derivative of -11*p**5/20 + p**4/12 - 2*p**2 - 2*p - 22. Let y be t(-2). Let u = 7 - -1. What is the highest common divisor of y and u?
8
Let c(u) = u**3 - 28*u**2 + 59*u + 36. Let z be c(26). Suppose -z + 704 = 6*w. Let i be 9/(((-5)/6)/(-5)). Calculate the greatest common divisor of w and i.
27
Let a(t) = -11*t + 4 - 4 - 6. Let j be a(-6). Let p be 24*-1*(-2 + 1). What is the greatest common divisor of j and p?
12
Let k(b) = 40*b**2 - 110*b + 112. Let o be k(1). Let t(n) = 72*n + 8. Let h be t(3). Calculate the highest common factor of h and o.
14
Suppose -2*f + 376 + 388 = 2*q, 0 = 5*q. Calculate the highest common factor of 2 and f.
2
Suppose 5*y = -m + 20, -9*m - 87 + 67 = 5*y. What is the highest common factor of y and 1255?
5
Suppose 0 = 5*d - 12*v + 15*v - 2588, -2*d + 1016 = -2*v. Calculate the highest common factor of 12593 and d.
257
Let b(h) = 5*h - 61. Let m be (-2 + -1)*96/(-18). Let f be b(m). Let o(v) = 208*v + 1. Let k be o(1). What is the highest common divisor of f and k?
19
Suppose 4*f - 36 = -2*b, -f + 74 = -b + 4*b. Suppose -s + 159 = 2*g, 2*g - s - 3*s - 144 = 0. Calculate the greatest common factor of b and g.
26
Suppose 46*h = 43*h + 4*n + 308, 5*h - 455 = -5*n. Calculate the highest common factor of h and 3.
3
Suppose -46603 = -31*v - 29*v + 68717. What is the greatest common divisor of v and 310?
62
Suppose -5360 + 31024 = -133*k + 162255. Calculate the greatest common factor of k and 711.
79
Let a(l) = -l + 11. Let j be a(6). Suppose -j*x + 0*x + 2169 = -4*m, -2*m - 1101 = 3*x. Let k be m/30*1*-5. Calculate the highest common factor of k and 13.
13
Suppose 6466*m - 462 = 6433*m. Let q(y) = 2*y**2 + 5*y + 7. Let k be q(-8). Suppose -2*v + k = -73. What is the greatest common fact